b?
141
In base 11, what is -1 + 3685?
3684
In base 10, what is -25 + -51?
-76
In base 9, what is -630 + 4?
-625
In base 6, what is -52 + -250?
-342
In base 10, what is 17 + -1?
16
In base 6, what is -123 - 31?
-154
In base 3, what is -1022 + -21?
-1120
In base 7, what is 5 + 40?
45
In base 15, what is -10 + 0?
-10
In base 15, what is 78 - -e?
87
In base 9, what is 1517 - 14?
1503
In base 4, what is -12 - -210?
132
In base 9, what is 2 + -112?
-110
In base 12, what is 46 - -108?
152
In base 4, what is -31220 - -11?
-31203
In base 7, what is -401 - -52?
-316
In base 2, what is -101 + 1011101?
1011000
In base 14, what is -3d + -5?
-44
In base 13, what is -46 + 4?
-42
In base 4, what is 1113 - 2100?
-321
In base 16, what is -b4 - 0?
-b4
In base 8, what is 202 - 3?
177
In base 10, what is -443 + 0?
-443
In base 7, what is -144 + 140?
-4
In base 6, what is -2030 + 12?
-2014
In base 13, what is 1b + -23?
-5
In base 16, what is -7620 - -4?
-761c
In base 11, what is -24a - -1?
-249
In base 10, what is -1 - -2?
1
In base 10, what is 798 + 1?
799
In base 3, what is 2 + 110?
112
In base 15, what is 4 - 348?
-344
In base 5, what is 1324 + -333?
441
In base 3, what is -20221 + -1120?
-22111
In base 5, what is 124 - -2?
131
In base 8, what is -202 + -6?
-210
In base 7, what is 210 - -5?
215
In base 2, what is 1 - 1110000?
-1101111
In base 16, what is 157 - -5?
15c
In base 10, what is 1 - 193?
-192
In base 6, what is 22 - -343?
405
In base 10, what is -43 + 2?
-41
In base 16, what is -19 + 11c?
103
In base 9, what is 153 - 113?
40
In base 10, what is -758 - -3?
-755
In base 13, what is 5 + -35a?
-355
In base 16, what is 1 - 12b?
-12a
In base 16, what is 6 - 57?
-51
In base 2, what is 1011000001 - 10?
1010111111
In base 15, what is 220 + -4?
21b
In base 4, what is -3003 + 102?
-2301
In base 7, what is 5 + -234?
-226
In base 2, what is -1111 - -11000101?
10110110
In base 7, what is -5 - 120?
-125
In base 7, what is 32 + 0?
32
In base 3, what is -1 - 11102?
-11110
In base 4, what is 11220 - 12?
11202
In base 8, what is -3326 + 4?
-3322
In base 10, what is 4 - 16?
-12
In base 14, what is -c5 - 1?
-c6
In base 7, what is 1003 + 30?
1033
In base 3, what is 12 + -100120?
-100101
In base 14, what is 3 + -68?
-65
In base 15, what is 4 - 217?
-213
In base 5, what is 10041 + -1?
10040
In base 12, what is -12 + 246?
234
In base 5, what is 120 + 2324?
2444
In base 16, what is 86 - -7?
8d
In base 6, what is -3253 + -22?
-3315
In base 16, what is -4 - 29?
-2d
In base 9, what is -61 - 3?
-64
In base 2, what is 1101 - -1101001?
1110110
In base 11, what is -742 + -8?
-74a
In base 10, what is 0 + -111?
-111
In base 15, what is 1b + 13?
2e
In base 5, what is -2 + -3010?
-3012
In base 10, what is 75 - 50?
25
In base 6, what is -125 - -1152?
1023
In base 11, what is 18 - -2?
1a
In base 8, what is 4 - -1214?
1220
In base 14, what is 874 - 5?
86d
In base 9, what is 5 + -34?
-28
In base 11, what is -84 - 3?
-87
In base 10, what is -31 + 17?
-14
In base 4, what is 10210 - 20?
10130
In base 5, what is 4 - -2?
11
In base 10, what is -5 + -14?
-19
In base 13, what is a2 - 0?
a2
In base 5, what is 3 + -124?
-121
In base 5, what is -2 + -130?
-132
In base 10, what is -45 + -5?
-50
In base 3, what is 22 - -1020220?
1021012
In base 6, what is -3 + -24252?
-24255
In base 2, what is -1010001001 + 101?
-1010000100
In base 5, what is 1114044 - 2?
1114042
In base 12, what is 0 + -844?
-844
In base 16, what is -1 + 49?
48
In base 10, what is 97 - -2?
99
In base 6, what is 103 - 4?
55
In base 5, what is 344 + -32?
312
In base 12, what is 317 + -11?
306
In base 5, what is -1011033 - 1?
-1011034
In base 10, what is 74790 - 4?
74786
In base 16, what is 66 - 1?
65
In base 9, what is 87 + 65?
163
In base 6, what is 3 - 142?
-135
In base 6, what is -555 - -4?
-551
In base 15, what is 2bd - 8?
2b5
In base 4, what is 12 - 12231?
-12213
In base 7, what is -6 + 254?
245
In base 14, what is -3 + -c0?
-c3
In base 2, what is 10101 - 111001?
-100100
In base 3, what is -11200 + -100?
-12000
In base 11, what is 1 + -30?
-2a
In base 8, what is 20 - -15?
35
In base 16, what is -9 - -29d?
294
In base 5, what is 10 + 3203?
3213
In base 10, what is -3258 - 5?
-3263
In base 2, what is -10000001 + -1010?
-10001011
In base 14, what is -42 - 214?
-256
In base 16, what is af + 4?
b3
In base 4, what is 3 + -310331?
-310322
In base 12, what is -4 + -4?
-8
In base 6, what is -1115 - 5?
-1124
In base 5, what is 4 - 10220?
-10211
In base 13, what is -5 + -1c?
-24
In base 6, what is 43 - -2?
45
In base 11, what is -4 + 10a?
106
In base 15, what is 3 - 4?
-1
In base 5, what is -2 - 203?
-210
In base 5, what is -3 - -41242?
41234
In base 2, what is -100 + 11000101111?
11000101011
In base 13, what is 1 - -59?
5a
In base 12, what is -1 - -1?
0
In base 7, what is 3 + -255?
-252
In base 10, what is 22 - 20?
2
In base 8, what is 1 - 20045?
-20044
In base 15, what is e16 + 2?
e18
In base 14, what is -2c + -1c?
-4a
In base 9, what is -1684 - 11?
-1705
In base 16, what is -4 - fd3?
-fd7
In base 9, what is -204 - -5?
-188
In base 7, what is -2 - 5244?
-5246
In base 8, what is -2306 - 5?
-2313
In base 14, what is 17 + 7a?
93
In base 9, what is -627 + -1?
-628
In base 11, what is -3 + -4?
-7
In base 16, what is -2 + -1?
-3
In base 11, what is 879 + 2?
880
In base 3, what is -21 + -1120020?
-1120111
In base 9, what is 84 + 17?
112
In base 13, what is 19 - -17a?
196
In base 6, what is -2421 + 24?
-2353
In base 4, what is -1 + 10302?
10301
In base 10, what is 6 - 144?
-138
In base 10, what is -505 + 3?
-502
In base 7, what is 3 - -22?
25
In base 4, what is 1132 - -31?
1223
In base 14, what is -5 - -90?
89
In base 16, what is -4 + 9ce?
9ca
In base 11, what is -94 + -5?
-99
In base 4, what is 0 - -2122?
2122
In base 8, what is -66 - 11?
-77
In base 14, what is -9 + -20?
-29
In base 15, what is -20 - -5c?
3c
In base 5, what is -3 + -4144?
-4202
In base 10, what is 3 - 65?
-62
In base 14, what is 2 - 21?
-1d
In base 9, what is -110 - -17?
-82
In base 6, what is -3 + 4205?
4202
In base 16, what is 6 + 2?
8
In base 6, what is -1233 - 0?
-1233
In base 2, what is -101100001 + 100?
-101011101
In base 13, what is -170 + -23?
-193
In base 2, what is -11 - 1111000100101?
-1111000101000
In base 7, what is 103 + 13?
116
In base 2, what is -1011 + 11?
-1000
In base 16, what is -3 - 1986?
-1989
In base 16, what is -27d - -4?
-279
In base 8, what is -4 - -420?
414
In base 7, what is 5 + 14465?
14503
In base 8, what is 47 - 7?
40
In base 14, what is d + 38b?
39a
In base 10, what is 17 - -33?
50
In base 12, what is 1b + 1?
20
In base 16, what is -4 - 36?
-3a
In base 7, what is -2 - 24313?
-24315
In base 7, what is -1434 + 16?
-1415
In base 16, what is -7 - 1d?
-24
In base 3, what is -100020202 - 12?
-100020221
In base 14, what is -4 + 1c8?
1c4
In base 7, what is 4 - -6?
13
In base 12, what is 0 + 2455?
2455
In base 6, what is -44 + -4?
-52
In base 13, what is -28 - -5?
-23
In base 2, what is 1001 - -1100?
10101
In base 6, what is 4 + 255?
303
In base 4, what is 11 - -10121?
10132
In base 8, what is 5 + 130?
135
In base 2, what is 11 - 11100?
-11001
In base 7, what is 1606 + 0?
1606
In base 3, what is 121 - -2120?
10011
In base 8, what is -36 + 10?
-26
In base 2, what is 1001000 - -1101?
1010101
In base 6, what is -2 + -42?
-44
In base 4, what is 3131 + 1?
3132
In base 13, what is 4a - 74?
-27
In base 6, what is 110 - -1052?
1202
In base 5, what is 10 - -32?
42
In base 4, what is -120 + -13020?
-13200
In base 5, what is 0 + 41?
41
In base 15, what is 429 - 0?
429
In base 12, what is 4 - -24?
28
In base 2, what is -10000 + -10?
-10010
In base 13, what is -1b + 0?
-1b
In base 13, what is -2 - 1c?
-21
In base 7, what is -210 - 12?
-222
In base 11, what is -3 - -19a5?
19a2
In base 3, what is 1201220 + 0?
1201220
In base 12, what is 7 + 855?
860
In base 12, what is 147b + 6?
1485
In base 16, what is -4 - -1cc8?
1cc4
In base 10, what is 155 - 4?
151
In base 8, what is -222 - -42?
-160
In base 3, what is 121201 + 2?
121210
In base 8, what is 147 - -23?
172
In base 2, what is -11010110000 - 1?
-11010110001
In base 8, what is 4 - -4?
10
In base 10, what is -730 - -5?
-725
In base 9, what is 225 - -8?
234
In base 3, what is -1221201 + 12?
-1221112
In base 9, what is -5 +